{"id":4051,"date":"2024-05-24T18:06:05","date_gmt":"2024-05-24T16:06:05","guid":{"rendered":"https:\/\/www.idhc.org\/agenda\/webinar-la-extrema-derecha-en-el-estado-espanol-diagnostico-y-acciones-juridicas-comunicativas-y-comunitarias-antirracistas\/"},"modified":"2024-05-28T12:08:01","modified_gmt":"2024-05-28T10:08:01","slug":"webinar-la-extrema-derecha-en-el-estado-espanol-diagnostico-y-acciones-juridicas-comunicativas-y-comunitarias-antirracistas","status":"publish","type":"agenda","link":"https:\/\/www.idhc.org\/es\/agenda\/webinar-la-extrema-derecha-en-el-estado-espanol-diagnostico-y-acciones-juridicas-comunicativas-y-comunitarias-antirracistas\/","title":{"rendered":"[Webinar] La extrema derecha en el estado espa\u00f1ol: diagn\u00f3stico y acciones jur\u00eddicas, comunicativas y comunitarias antirracistas"},"content":{"rendered":"<p>La extrema derecha espa&ntilde;ola est&aacute; tratando activamente de llegar a las personas j&oacute;venes, y lo est&aacute; logrando, ya que esta ideolog&iacute;a les resulta cada vez m&aacute;s atractiva. As&iacute; concluye un reciente estudio impulsado por el Instituto de la Juventud Espa&ntilde;ola- Injuve.<\/p>\n<p>Ante esta realidad es importante articular respuestas para hacer frente al discurso de la extrema derecha, ultranacionalista, antimigratorio, contrario a las minor&iacute;as y antifeminista.<\/p>\n<p>Con NOVACT, organizamos&nbsp;este webinar para presentar las principales conclusiones del estudio <em><a href=\"https:\/\/www.idhc.org\/es\/investigacion\/publicaciones\/discriminacion-intolerancia-y-odio\/el-extremismo-de-derecha-entre-la-juventud-espanola-situacion-actual-y-perspectivas.php\">El extremismo de derecha entre la juventud espa&ntilde;ola: situaci&oacute;n actual y perspectivas<\/a><\/em>&nbsp;y conocer diferentes&nbsp;iniciativas para frenar la expansi&oacute;n de estos discursos desde el mundo jur&iacute;dico, la comunicaci&oacute;n y los movimientos sociales.<\/p>\n<h2>Panelistas<\/h2>\n<p><strong>Ana G. Juanatey<\/strong>, autora del informe <em><a href=\"https:\/\/www.idhc.org\/es\/investigacion\/publicaciones\/discriminacion-intolerancia-y-odio\/el-extremismo-de-derecha-entre-la-juventud-espanola-situacion-actual-y-perspectivas.php\">El extremismo de derecha entre la juventud espa&ntilde;ola: situaci&oacute;n actual y perspectivas<\/a><\/em>&nbsp;<\/p>\n<p><strong>Laia Serra<\/strong>, abogada penalista, experta en delitos de odio<\/p>\n<p><strong>Marta G. Franco<\/strong> y <strong>Alberto Abell&aacute;n Gavela,<\/strong> activistas para frenar a la ultraderecha en redes sociales <a href=\"http:\/\/twitter.com\/nolesdescasito?ref_src=twsrc%5Egoogle%7Ctwcamp%5Eserp%7Ctwgr%5Eauthor\" target=\"_blank\" rel=\"noopener\">@Nolesdescasito&nbsp;<\/a><\/p>\n<p><strong>Mostaf&agrave; Shaimi,<\/strong>&nbsp;activista del Espai Antiracista de Salt&nbsp;<\/p>\n<p>Modera: <strong>N&uacute;ria Mill&aacute;n<\/strong>, de NOVACT<\/p>\n<hr \/>\n<p align=\"center\"><a class=\"btn btn-opcio\" href=\"https:\/\/us02web.zoom.us\/j\/84126106940\">Link al Zoom<\/a><\/p>\n","protected":false},"featured_media":3445,"template":"","tags":[],"class_list":["post-4051","agenda","type-agenda","status-publish","has-post-thumbnail","hentry"],"acf":[],"yoast_head":"<!-- This site is optimized with the Yoast SEO plugin v27.3 - https:\/\/yoast.com\/product\/yoast-seo-wordpress\/ -->\n<title>[Webinar] La extrema derecha en el estado espa\u00f1ol: diagn\u00f3stico y acciones jur\u00eddicas, comunicativas y comunitarias antirracistas - IDHC<\/title>\n<meta name=\"robots\" content=\"index, follow, max-snippet:-1, max-image-preview:large, max-video-preview:-1\" \/>\n<link rel=\"canonical\" href=\"https:\/\/www.idhc.org\/es\/agenda\/webinar-la-extrema-derecha-en-el-estado-espanol-diagnostico-y-acciones-juridicas-comunicativas-y-comunitarias-antirracistas\/\" \/>\n<meta property=\"og:locale\" content=\"es_ES\" \/>\n<meta property=\"og:type\" content=\"article\" \/>\n<meta property=\"og:title\" content=\"[Webinar] La extrema derecha en el estado espa\u00f1ol: diagn\u00f3stico y acciones jur\u00eddicas, comunicativas y comunitarias antirracistas - IDHC\" \/>\n<meta property=\"og:description\" content=\"La extrema derecha espa&ntilde;ola est&aacute; tratando activamente de llegar a las personas j&oacute;venes, y lo est&aacute; logrando, ya que esta ideolog&iacute;a les resulta cada vez m&aacute;s [\u2026]\" \/>\n<meta property=\"og:url\" content=\"https:\/\/www.idhc.org\/es\/agenda\/webinar-la-extrema-derecha-en-el-estado-espanol-diagnostico-y-acciones-juridicas-comunicativas-y-comunitarias-antirracistas\/\" \/>\n<meta property=\"og:site_name\" content=\"IDHC\" \/>\n<meta property=\"article:publisher\" content=\"https:\/\/www.facebook.com\/institut.drets.humans.catalunya\" \/>\n<meta property=\"article:modified_time\" content=\"2024-05-28T10:08:01+00:00\" \/>\n<meta property=\"og:image\" content=\"https:\/\/www.idhc.org\/wp-content\/uploads\/cartell_final_2-736x1024.jpg\" \/>\n\t<meta property=\"og:image:width\" content=\"736\" \/>\n\t<meta property=\"og:image:height\" content=\"1024\" \/>\n\t<meta property=\"og:image:type\" content=\"image\/jpeg\" \/>\n<meta name=\"twitter:card\" content=\"summary_large_image\" \/>\n<meta name=\"twitter:site\" content=\"@institut_IDHC\" \/>\n<meta name=\"twitter:label1\" content=\"Tiempo de lectura\" \/>\n\t<meta name=\"twitter:data1\" content=\"1 minuto\" \/>\n<script type=\"application\/ld+json\" class=\"yoast-schema-graph\">{\"@context\":\"https:\\\/\\\/schema.org\",\"@graph\":[{\"@type\":\"WebPage\",\"@id\":\"https:\\\/\\\/www.idhc.org\\\/es\\\/agenda\\\/webinar-la-extrema-derecha-en-el-estado-espanol-diagnostico-y-acciones-juridicas-comunicativas-y-comunitarias-antirracistas\\\/\",\"url\":\"https:\\\/\\\/www.idhc.org\\\/es\\\/agenda\\\/webinar-la-extrema-derecha-en-el-estado-espanol-diagnostico-y-acciones-juridicas-comunicativas-y-comunitarias-antirracistas\\\/\",\"name\":\"[Webinar] La extrema derecha en el estado espa\u00f1ol: diagn\u00f3stico y acciones jur\u00eddicas, comunicativas y comunitarias antirracistas - IDHC\",\"isPartOf\":{\"@id\":\"https:\\\/\\\/www.idhc.org\\\/es\\\/#website\"},\"primaryImageOfPage\":{\"@id\":\"https:\\\/\\\/www.idhc.org\\\/es\\\/agenda\\\/webinar-la-extrema-derecha-en-el-estado-espanol-diagnostico-y-acciones-juridicas-comunicativas-y-comunitarias-antirracistas\\\/#primaryimage\"},\"image\":{\"@id\":\"https:\\\/\\\/www.idhc.org\\\/es\\\/agenda\\\/webinar-la-extrema-derecha-en-el-estado-espanol-diagnostico-y-acciones-juridicas-comunicativas-y-comunitarias-antirracistas\\\/#primaryimage\"},\"thumbnailUrl\":\"https:\\\/\\\/www.idhc.org\\\/wp-content\\\/uploads\\\/cartell_final_2.jpg\",\"datePublished\":\"2024-05-24T16:06:05+00:00\",\"dateModified\":\"2024-05-28T10:08:01+00:00\",\"breadcrumb\":{\"@id\":\"https:\\\/\\\/www.idhc.org\\\/es\\\/agenda\\\/webinar-la-extrema-derecha-en-el-estado-espanol-diagnostico-y-acciones-juridicas-comunicativas-y-comunitarias-antirracistas\\\/#breadcrumb\"},\"inLanguage\":\"es\",\"potentialAction\":[{\"@type\":\"ReadAction\",\"target\":[\"https:\\\/\\\/www.idhc.org\\\/es\\\/agenda\\\/webinar-la-extrema-derecha-en-el-estado-espanol-diagnostico-y-acciones-juridicas-comunicativas-y-comunitarias-antirracistas\\\/\"]}]},{\"@type\":\"ImageObject\",\"inLanguage\":\"es\",\"@id\":\"https:\\\/\\\/www.idhc.org\\\/es\\\/agenda\\\/webinar-la-extrema-derecha-en-el-estado-espanol-diagnostico-y-acciones-juridicas-comunicativas-y-comunitarias-antirracistas\\\/#primaryimage\",\"url\":\"https:\\\/\\\/www.idhc.org\\\/wp-content\\\/uploads\\\/cartell_final_2.jpg\",\"contentUrl\":\"https:\\\/\\\/www.idhc.org\\\/wp-content\\\/uploads\\\/cartell_final_2.jpg\",\"width\":1289,\"height\":1793},{\"@type\":\"BreadcrumbList\",\"@id\":\"https:\\\/\\\/www.idhc.org\\\/es\\\/agenda\\\/webinar-la-extrema-derecha-en-el-estado-espanol-diagnostico-y-acciones-juridicas-comunicativas-y-comunitarias-antirracistas\\\/#breadcrumb\",\"itemListElement\":[{\"@type\":\"ListItem\",\"position\":1,\"name\":\"Inici\",\"item\":\"https:\\\/\\\/www.idhc.org\\\/es\\\/\"},{\"@type\":\"ListItem\",\"position\":2,\"name\":\"[Webinar] La extrema derecha en el estado espa\u00f1ol: diagn\u00f3stico y acciones jur\u00eddicas, comunicativas y comunitarias antirracistas\"}]},{\"@type\":\"WebSite\",\"@id\":\"https:\\\/\\\/www.idhc.org\\\/es\\\/#website\",\"url\":\"https:\\\/\\\/www.idhc.org\\\/es\\\/\",\"name\":\"Institut de Drets Humans de Catalunya\",\"description\":\"\",\"alternateName\":\"IDHC\",\"potentialAction\":[{\"@type\":\"SearchAction\",\"target\":{\"@type\":\"EntryPoint\",\"urlTemplate\":\"https:\\\/\\\/www.idhc.org\\\/es\\\/?s={search_term_string}\"},\"query-input\":{\"@type\":\"PropertyValueSpecification\",\"valueRequired\":true,\"valueName\":\"search_term_string\"}}],\"inLanguage\":\"es\"}]}<\/script>\n<!-- \/ Yoast SEO plugin. -->","yoast_head_json":{"title":"[Webinar] La extrema derecha en el estado espa\u00f1ol: diagn\u00f3stico y acciones jur\u00eddicas, comunicativas y comunitarias antirracistas - IDHC","robots":{"index":"index","follow":"follow","max-snippet":"max-snippet:-1","max-image-preview":"max-image-preview:large","max-video-preview":"max-video-preview:-1"},"canonical":"https:\/\/www.idhc.org\/es\/agenda\/webinar-la-extrema-derecha-en-el-estado-espanol-diagnostico-y-acciones-juridicas-comunicativas-y-comunitarias-antirracistas\/","og_locale":"es_ES","og_type":"article","og_title":"[Webinar] La extrema derecha en el estado espa\u00f1ol: diagn\u00f3stico y acciones jur\u00eddicas, comunicativas y comunitarias antirracistas - IDHC","og_description":"La extrema derecha espa&ntilde;ola est&aacute; tratando activamente de llegar a las personas j&oacute;venes, y lo est&aacute; logrando, ya que esta ideolog&iacute;a les resulta cada vez m&aacute;s [\u2026]","og_url":"https:\/\/www.idhc.org\/es\/agenda\/webinar-la-extrema-derecha-en-el-estado-espanol-diagnostico-y-acciones-juridicas-comunicativas-y-comunitarias-antirracistas\/","og_site_name":"IDHC","article_publisher":"https:\/\/www.facebook.com\/institut.drets.humans.catalunya","article_modified_time":"2024-05-28T10:08:01+00:00","og_image":[{"width":736,"height":1024,"url":"https:\/\/www.idhc.org\/wp-content\/uploads\/cartell_final_2-736x1024.jpg","type":"image\/jpeg"}],"twitter_card":"summary_large_image","twitter_site":"@institut_IDHC","twitter_misc":{"Tiempo de lectura":"1 minuto"},"schema":{"@context":"https:\/\/schema.org","@graph":[{"@type":"WebPage","@id":"https:\/\/www.idhc.org\/es\/agenda\/webinar-la-extrema-derecha-en-el-estado-espanol-diagnostico-y-acciones-juridicas-comunicativas-y-comunitarias-antirracistas\/","url":"https:\/\/www.idhc.org\/es\/agenda\/webinar-la-extrema-derecha-en-el-estado-espanol-diagnostico-y-acciones-juridicas-comunicativas-y-comunitarias-antirracistas\/","name":"[Webinar] La extrema derecha en el estado espa\u00f1ol: diagn\u00f3stico y acciones jur\u00eddicas, comunicativas y comunitarias antirracistas - IDHC","isPartOf":{"@id":"https:\/\/www.idhc.org\/es\/#website"},"primaryImageOfPage":{"@id":"https:\/\/www.idhc.org\/es\/agenda\/webinar-la-extrema-derecha-en-el-estado-espanol-diagnostico-y-acciones-juridicas-comunicativas-y-comunitarias-antirracistas\/#primaryimage"},"image":{"@id":"https:\/\/www.idhc.org\/es\/agenda\/webinar-la-extrema-derecha-en-el-estado-espanol-diagnostico-y-acciones-juridicas-comunicativas-y-comunitarias-antirracistas\/#primaryimage"},"thumbnailUrl":"https:\/\/www.idhc.org\/wp-content\/uploads\/cartell_final_2.jpg","datePublished":"2024-05-24T16:06:05+00:00","dateModified":"2024-05-28T10:08:01+00:00","breadcrumb":{"@id":"https:\/\/www.idhc.org\/es\/agenda\/webinar-la-extrema-derecha-en-el-estado-espanol-diagnostico-y-acciones-juridicas-comunicativas-y-comunitarias-antirracistas\/#breadcrumb"},"inLanguage":"es","potentialAction":[{"@type":"ReadAction","target":["https:\/\/www.idhc.org\/es\/agenda\/webinar-la-extrema-derecha-en-el-estado-espanol-diagnostico-y-acciones-juridicas-comunicativas-y-comunitarias-antirracistas\/"]}]},{"@type":"ImageObject","inLanguage":"es","@id":"https:\/\/www.idhc.org\/es\/agenda\/webinar-la-extrema-derecha-en-el-estado-espanol-diagnostico-y-acciones-juridicas-comunicativas-y-comunitarias-antirracistas\/#primaryimage","url":"https:\/\/www.idhc.org\/wp-content\/uploads\/cartell_final_2.jpg","contentUrl":"https:\/\/www.idhc.org\/wp-content\/uploads\/cartell_final_2.jpg","width":1289,"height":1793},{"@type":"BreadcrumbList","@id":"https:\/\/www.idhc.org\/es\/agenda\/webinar-la-extrema-derecha-en-el-estado-espanol-diagnostico-y-acciones-juridicas-comunicativas-y-comunitarias-antirracistas\/#breadcrumb","itemListElement":[{"@type":"ListItem","position":1,"name":"Inici","item":"https:\/\/www.idhc.org\/es\/"},{"@type":"ListItem","position":2,"name":"[Webinar] La extrema derecha en el estado espa\u00f1ol: diagn\u00f3stico y acciones jur\u00eddicas, comunicativas y comunitarias antirracistas"}]},{"@type":"WebSite","@id":"https:\/\/www.idhc.org\/es\/#website","url":"https:\/\/www.idhc.org\/es\/","name":"Institut de Drets Humans de Catalunya","description":"","alternateName":"IDHC","potentialAction":[{"@type":"SearchAction","target":{"@type":"EntryPoint","urlTemplate":"https:\/\/www.idhc.org\/es\/?s={search_term_string}"},"query-input":{"@type":"PropertyValueSpecification","valueRequired":true,"valueName":"search_term_string"}}],"inLanguage":"es"}]}},"_links":{"self":[{"href":"https:\/\/www.idhc.org\/es\/wp-json\/wp\/v2\/agenda\/4051","targetHints":{"allow":["GET"]}}],"collection":[{"href":"https:\/\/www.idhc.org\/es\/wp-json\/wp\/v2\/agenda"}],"about":[{"href":"https:\/\/www.idhc.org\/es\/wp-json\/wp\/v2\/types\/agenda"}],"wp:featuredmedia":[{"embeddable":true,"href":"https:\/\/www.idhc.org\/es\/wp-json\/wp\/v2\/media\/3445"}],"wp:attachment":[{"href":"https:\/\/www.idhc.org\/es\/wp-json\/wp\/v2\/media?parent=4051"}],"wp:term":[{"taxonomy":"post_tag","embeddable":true,"href":"https:\/\/www.idhc.org\/es\/wp-json\/wp\/v2\/tags?post=4051"}],"curies":[{"name":"wp","href":"https:\/\/api.w.org\/{rel}","templated":true}]}}

[Webinar] La extrema derecha en el estado español: diagnóstico y acciones jurídicas, comunicativas y comunitarias antirracistas

<!-- This site is optimized with the Yoast SEO plugin v27.3 - https://yoast.com/product/yoast-seo-wordpress/ -->
<title>[Webinar] La extrema derecha en el estado español: diagnóstico y acciones jurídicas, comunicativas y comunitarias antirracistas - IDHC</title>
<meta name="robots" content="index, follow, max-snippet:-1, max-image-preview:large, max-video-preview:-1" />
<link rel="canonical" href="https://www.idhc.org/es/agenda/webinar-la-extrema-derecha-en-el-estado-espanol-diagnostico-y-acciones-juridicas-comunicativas-y-comunitarias-antirracistas/" />
<meta property="og:locale" content="es_ES" />
<meta property="og:type" content="article" />
<meta property="og:title" content="[Webinar] La extrema derecha en el estado español: diagnóstico y acciones jurídicas, comunicativas y comunitarias antirracistas - IDHC" />
<meta property="og:description" content="La extrema derecha espa&ntilde;ola est&aacute; tratando activamente de llegar a las personas j&oacute;venes, y lo est&aacute; logrando, ya que esta ideolog&iacute;a les resulta cada vez m&aacute;s […]" />
<meta property="og:url" content="https://www.idhc.org/es/agenda/webinar-la-extrema-derecha-en-el-estado-espanol-diagnostico-y-acciones-juridicas-comunicativas-y-comunitarias-antirracistas/" />
<meta property="og:site_name" content="IDHC" />
<meta property="article:publisher" content="https://www.facebook.com/institut.drets.humans.catalunya" />
<meta property="article:modified_time" content="2024-05-28T10:08:01+00:00" />
<meta property="og:image" content="https://www.idhc.org/wp-content/uploads/cartell_final_2-736x1024.jpg" />
	<meta property="og:image:width" content="736" />
	<meta property="og:image:height" content="1024" />
	<meta property="og:image:type" content="image/jpeg" />
<meta name="twitter:card" content="summary_large_image" />
<meta name="twitter:site" content="@institut_IDHC" />
<meta name="twitter:label1" content="Tiempo de lectura" />
	<meta name="twitter:data1" content="1 minuto" />
<script type="application/ld+json" class="yoast-schema-graph">{"@context":"https:\/\/schema.org","@graph":[{"@type":"WebPage","@id":"https:\/\/www.idhc.org\/es\/agenda\/webinar-la-extrema-derecha-en-el-estado-espanol-diagnostico-y-acciones-juridicas-comunicativas-y-comunitarias-antirracistas\/","url":"https:\/\/www.idhc.org\/es\/agenda\/webinar-la-extrema-derecha-en-el-estado-espanol-diagnostico-y-acciones-juridicas-comunicativas-y-comunitarias-antirracistas\/","name":"[Webinar] La extrema derecha en el estado español: diagnóstico y acciones jurídicas, comunicativas y comunitarias antirracistas - IDHC","isPartOf":{"@id":"https:\/\/www.idhc.org\/es\/#website"},"primaryImageOfPage":{"@id":"https:\/\/www.idhc.org\/es\/agenda\/webinar-la-extrema-derecha-en-el-estado-espanol-diagnostico-y-acciones-juridicas-comunicativas-y-comunitarias-antirracistas\/#primaryimage"},"image":{"@id":"https:\/\/www.idhc.org\/es\/agenda\/webinar-la-extrema-derecha-en-el-estado-espanol-diagnostico-y-acciones-juridicas-comunicativas-y-comunitarias-antirracistas\/#primaryimage"},"thumbnailUrl":"https:\/\/www.idhc.org\/wp-content\/uploads\/cartell_final_2.jpg","datePublished":"2024-05-24T16:06:05+00:00","dateModified":"2024-05-28T10:08:01+00:00","breadcrumb":{"@id":"https:\/\/www.idhc.org\/es\/agenda\/webinar-la-extrema-derecha-en-el-estado-espanol-diagnostico-y-acciones-juridicas-comunicativas-y-comunitarias-antirracistas\/#breadcrumb"},"inLanguage":"es","potentialAction":[{"@type":"ReadAction","target":["https:\/\/www.idhc.org\/es\/agenda\/webinar-la-extrema-derecha-en-el-estado-espanol-diagnostico-y-acciones-juridicas-comunicativas-y-comunitarias-antirracistas\/"]}]},{"@type":"ImageObject","inLanguage":"es","@id":"https:\/\/www.idhc.org\/es\/agenda\/webinar-la-extrema-derecha-en-el-estado-espanol-diagnostico-y-acciones-juridicas-comunicativas-y-comunitarias-antirracistas\/#primaryimage","url":"https:\/\/www.idhc.org\/wp-content\/uploads\/cartell_final_2.jpg","contentUrl":"https:\/\/www.idhc.org\/wp-content\/uploads\/cartell_final_2.jpg","width":1289,"height":1793},{"@type":"BreadcrumbList","@id":"https:\/\/www.idhc.org\/es\/agenda\/webinar-la-extrema-derecha-en-el-estado-espanol-diagnostico-y-acciones-juridicas-comunicativas-y-comunitarias-antirracistas\/#breadcrumb","itemListElement":[{"@type":"ListItem","position":1,"name":"Inici","item":"https:\/\/www.idhc.org\/es\/"},{"@type":"ListItem","position":2,"name":"[Webinar] La extrema derecha en el estado español: diagnóstico y acciones jurídicas, comunicativas y comunitarias antirracistas"}]},{"@type":"WebSite","@id":"https:\/\/www.idhc.org\/es\/#website","url":"https:\/\/www.idhc.org\/es\/","name":"Institut de Drets Humans de Catalunya","description":"","alternateName":"IDHC","potentialAction":[{"@type":"SearchAction","target":{"@type":"EntryPoint","urlTemplate":"https:\/\/www.idhc.org\/es\/?s={search_term_string}"},"query-input":{"@type":"PropertyValueSpecification","valueRequired":true,"valueName":"search_term_string"}}],"inLanguage":"es"}]}</script>
<!-- / Yoast SEO plugin. -->

[Webinar] La extrema derecha en el estado español: diagnóstico y acciones jurídicas, comunicativas y comunitarias antirracistas - IDHC
