{"id":13609,"date":"2025-09-10T11:36:20","date_gmt":"2025-09-10T09:36:20","guid":{"rendered":"https:\/\/www.idhc.org\/?post_type=publicacio&#038;p=13609"},"modified":"2025-09-10T13:31:19","modified_gmt":"2025-09-10T11:31:19","slug":"movilidad-humana-y-adaptacion-al-cambio-climatico-conceptos-para-la-accion","status":"publish","type":"publicacio","link":"https:\/\/www.idhc.org\/es\/movilidad-humana-y-adaptacion-al-cambio-climatico-conceptos-para-la-accion\/","title":{"rendered":"Movilidad humana y adaptaci\u00f3n al cambio clim\u00e1tico: Conceptos para la acci\u00f3n"},"featured_media":13611,"template":"","tags":[607,501,565,588],"categoria-publicacio":[52,56,54],"class_list":["post-13609","publicacio","type-publicacio","status-publish","has-post-thumbnail","hentry","tag-cambio-climatico","tag-inmigracion","tag-politicas-publicas","tag-derecho-al-medioambiente","categoria-publicacio-medio-ambiente","categoria-publicacio-politicas-publicas","categoria-publicacio-monograficos"],"acf":[],"yoast_head":"<!-- This site is optimized with the Yoast SEO plugin v27.3 - https:\/\/yoast.com\/product\/yoast-seo-wordpress\/ -->\n<title>Movilidad humana y adaptaci\u00f3n al cambio clim\u00e1tica - IDHC<\/title>\n<meta name=\"description\" content=\"El monogr\u00e1fico re\u00fane m\u00faltiples especialistas para reflexionar sobre los v\u00ednculos entre movilidad humana y cambio clim\u00e1tico, desde precisiones conceptuales hasta perspectivas interseccionales y experiencias comunitarias, ofreciendo claves innovadoras para integrar la migraci\u00f3n en los procesos de adaptaci\u00f3n y en los PNA\" \/>\n<meta name=\"robots\" content=\"index, follow, max-snippet:-1, max-image-preview:large, max-video-preview:-1\" \/>\n<link rel=\"canonical\" href=\"https:\/\/www.idhc.org\/es\/movilidad-humana-y-adaptacion-al-cambio-climatico-conceptos-para-la-accion\/\" \/>\n<meta property=\"og:locale\" content=\"es_ES\" \/>\n<meta property=\"og:type\" content=\"article\" \/>\n<meta property=\"og:title\" content=\"Movilidad humana y adaptaci\u00f3n al cambio clim\u00e1tica - IDHC\" \/>\n<meta property=\"og:description\" content=\"El monogr\u00e1fico re\u00fane m\u00faltiples especialistas para reflexionar sobre los v\u00ednculos entre movilidad humana y cambio clim\u00e1tico, desde precisiones conceptuales hasta perspectivas interseccionales y experiencias comunitarias, ofreciendo claves innovadoras para integrar la migraci\u00f3n en los procesos de adaptaci\u00f3n y en los PNA\" \/>\n<meta property=\"og:url\" content=\"https:\/\/www.idhc.org\/es\/movilidad-humana-y-adaptacion-al-cambio-climatico-conceptos-para-la-accion\/\" \/>\n<meta property=\"og:site_name\" content=\"IDHC\" \/>\n<meta property=\"article:publisher\" content=\"https:\/\/www.facebook.com\/institut.drets.humans.catalunya\" \/>\n<meta property=\"article:modified_time\" content=\"2025-09-10T11:31:19+00:00\" \/>\n<meta property=\"og:image\" content=\"https:\/\/www.idhc.org\/wp-content\/uploads\/Portada_MovilidadHumanaYAdaptacionAlCambioClimatico_ES.jpg\" \/>\n\t<meta property=\"og:image:width\" content=\"1594\" \/>\n\t<meta property=\"og:image:height\" content=\"2539\" \/>\n\t<meta property=\"og:image:type\" content=\"image\/jpeg\" \/>\n<meta name=\"twitter:card\" content=\"summary_large_image\" \/>\n<meta name=\"twitter:site\" content=\"@institut_IDHC\" \/>\n<meta name=\"twitter:label1\" content=\"Tiempo de lectura\" \/>\n\t<meta name=\"twitter:data1\" content=\"1 minuto\" \/>\n<script type=\"application\/ld+json\" class=\"yoast-schema-graph\">{\"@context\":\"https:\\\/\\\/schema.org\",\"@graph\":[{\"@type\":\"WebPage\",\"@id\":\"https:\\\/\\\/www.idhc.org\\\/es\\\/movilidad-humana-y-adaptacion-al-cambio-climatico-conceptos-para-la-accion\\\/\",\"url\":\"https:\\\/\\\/www.idhc.org\\\/es\\\/movilidad-humana-y-adaptacion-al-cambio-climatico-conceptos-para-la-accion\\\/\",\"name\":\"Movilidad humana y adaptaci\u00f3n al cambio clim\u00e1tica - IDHC\",\"isPartOf\":{\"@id\":\"https:\\\/\\\/www.idhc.org\\\/es\\\/#website\"},\"primaryImageOfPage\":{\"@id\":\"https:\\\/\\\/www.idhc.org\\\/es\\\/movilidad-humana-y-adaptacion-al-cambio-climatico-conceptos-para-la-accion\\\/#primaryimage\"},\"image\":{\"@id\":\"https:\\\/\\\/www.idhc.org\\\/es\\\/movilidad-humana-y-adaptacion-al-cambio-climatico-conceptos-para-la-accion\\\/#primaryimage\"},\"thumbnailUrl\":\"https:\\\/\\\/www.idhc.org\\\/wp-content\\\/uploads\\\/Portada_MovilidadHumanaYAdaptacionAlCambioClimatico_ES.jpg\",\"datePublished\":\"2025-09-10T09:36:20+00:00\",\"dateModified\":\"2025-09-10T11:31:19+00:00\",\"description\":\"El monogr\u00e1fico re\u00fane m\u00faltiples especialistas para reflexionar sobre los v\u00ednculos entre movilidad humana y cambio clim\u00e1tico, desde precisiones conceptuales hasta perspectivas interseccionales y experiencias comunitarias, ofreciendo claves innovadoras para integrar la migraci\u00f3n en los procesos de adaptaci\u00f3n y en los PNA\",\"breadcrumb\":{\"@id\":\"https:\\\/\\\/www.idhc.org\\\/es\\\/movilidad-humana-y-adaptacion-al-cambio-climatico-conceptos-para-la-accion\\\/#breadcrumb\"},\"inLanguage\":\"es\",\"potentialAction\":[{\"@type\":\"ReadAction\",\"target\":[\"https:\\\/\\\/www.idhc.org\\\/es\\\/movilidad-humana-y-adaptacion-al-cambio-climatico-conceptos-para-la-accion\\\/\"]}]},{\"@type\":\"ImageObject\",\"inLanguage\":\"es\",\"@id\":\"https:\\\/\\\/www.idhc.org\\\/es\\\/movilidad-humana-y-adaptacion-al-cambio-climatico-conceptos-para-la-accion\\\/#primaryimage\",\"url\":\"https:\\\/\\\/www.idhc.org\\\/wp-content\\\/uploads\\\/Portada_MovilidadHumanaYAdaptacionAlCambioClimatico_ES.jpg\",\"contentUrl\":\"https:\\\/\\\/www.idhc.org\\\/wp-content\\\/uploads\\\/Portada_MovilidadHumanaYAdaptacionAlCambioClimatico_ES.jpg\",\"width\":1594,\"height\":2539},{\"@type\":\"BreadcrumbList\",\"@id\":\"https:\\\/\\\/www.idhc.org\\\/es\\\/movilidad-humana-y-adaptacion-al-cambio-climatico-conceptos-para-la-accion\\\/#breadcrumb\",\"itemListElement\":[{\"@type\":\"ListItem\",\"position\":1,\"name\":\"Inici\",\"item\":\"https:\\\/\\\/www.idhc.org\\\/es\\\/\"},{\"@type\":\"ListItem\",\"position\":2,\"name\":\"Movilidad humana y adaptaci\u00f3n al cambio clim\u00e1tico: Conceptos para la acci\u00f3n\"}]},{\"@type\":\"WebSite\",\"@id\":\"https:\\\/\\\/www.idhc.org\\\/es\\\/#website\",\"url\":\"https:\\\/\\\/www.idhc.org\\\/es\\\/\",\"name\":\"Institut de Drets Humans de Catalunya\",\"description\":\"\",\"alternateName\":\"IDHC\",\"potentialAction\":[{\"@type\":\"SearchAction\",\"target\":{\"@type\":\"EntryPoint\",\"urlTemplate\":\"https:\\\/\\\/www.idhc.org\\\/es\\\/?s={search_term_string}\"},\"query-input\":{\"@type\":\"PropertyValueSpecification\",\"valueRequired\":true,\"valueName\":\"search_term_string\"}}],\"inLanguage\":\"es\"}]}<\/script>\n<!-- \/ Yoast SEO plugin. -->","yoast_head_json":{"title":"Movilidad humana y adaptaci\u00f3n al cambio clim\u00e1tica - IDHC","description":"El monogr\u00e1fico re\u00fane m\u00faltiples especialistas para reflexionar sobre los v\u00ednculos entre movilidad humana y cambio clim\u00e1tico, desde precisiones conceptuales hasta perspectivas interseccionales y experiencias comunitarias, ofreciendo claves innovadoras para integrar la migraci\u00f3n en los procesos de adaptaci\u00f3n y en los PNA","robots":{"index":"index","follow":"follow","max-snippet":"max-snippet:-1","max-image-preview":"max-image-preview:large","max-video-preview":"max-video-preview:-1"},"canonical":"https:\/\/www.idhc.org\/es\/movilidad-humana-y-adaptacion-al-cambio-climatico-conceptos-para-la-accion\/","og_locale":"es_ES","og_type":"article","og_title":"Movilidad humana y adaptaci\u00f3n al cambio clim\u00e1tica - IDHC","og_description":"El monogr\u00e1fico re\u00fane m\u00faltiples especialistas para reflexionar sobre los v\u00ednculos entre movilidad humana y cambio clim\u00e1tico, desde precisiones conceptuales hasta perspectivas interseccionales y experiencias comunitarias, ofreciendo claves innovadoras para integrar la migraci\u00f3n en los procesos de adaptaci\u00f3n y en los PNA","og_url":"https:\/\/www.idhc.org\/es\/movilidad-humana-y-adaptacion-al-cambio-climatico-conceptos-para-la-accion\/","og_site_name":"IDHC","article_publisher":"https:\/\/www.facebook.com\/institut.drets.humans.catalunya","article_modified_time":"2025-09-10T11:31:19+00:00","og_image":[{"width":1594,"height":2539,"url":"https:\/\/www.idhc.org\/wp-content\/uploads\/Portada_MovilidadHumanaYAdaptacionAlCambioClimatico_ES.jpg","type":"image\/jpeg"}],"twitter_card":"summary_large_image","twitter_site":"@institut_IDHC","twitter_misc":{"Tiempo de lectura":"1 minuto"},"schema":{"@context":"https:\/\/schema.org","@graph":[{"@type":"WebPage","@id":"https:\/\/www.idhc.org\/es\/movilidad-humana-y-adaptacion-al-cambio-climatico-conceptos-para-la-accion\/","url":"https:\/\/www.idhc.org\/es\/movilidad-humana-y-adaptacion-al-cambio-climatico-conceptos-para-la-accion\/","name":"Movilidad humana y adaptaci\u00f3n al cambio clim\u00e1tica - IDHC","isPartOf":{"@id":"https:\/\/www.idhc.org\/es\/#website"},"primaryImageOfPage":{"@id":"https:\/\/www.idhc.org\/es\/movilidad-humana-y-adaptacion-al-cambio-climatico-conceptos-para-la-accion\/#primaryimage"},"image":{"@id":"https:\/\/www.idhc.org\/es\/movilidad-humana-y-adaptacion-al-cambio-climatico-conceptos-para-la-accion\/#primaryimage"},"thumbnailUrl":"https:\/\/www.idhc.org\/wp-content\/uploads\/Portada_MovilidadHumanaYAdaptacionAlCambioClimatico_ES.jpg","datePublished":"2025-09-10T09:36:20+00:00","dateModified":"2025-09-10T11:31:19+00:00","description":"El monogr\u00e1fico re\u00fane m\u00faltiples especialistas para reflexionar sobre los v\u00ednculos entre movilidad humana y cambio clim\u00e1tico, desde precisiones conceptuales hasta perspectivas interseccionales y experiencias comunitarias, ofreciendo claves innovadoras para integrar la migraci\u00f3n en los procesos de adaptaci\u00f3n y en los PNA","breadcrumb":{"@id":"https:\/\/www.idhc.org\/es\/movilidad-humana-y-adaptacion-al-cambio-climatico-conceptos-para-la-accion\/#breadcrumb"},"inLanguage":"es","potentialAction":[{"@type":"ReadAction","target":["https:\/\/www.idhc.org\/es\/movilidad-humana-y-adaptacion-al-cambio-climatico-conceptos-para-la-accion\/"]}]},{"@type":"ImageObject","inLanguage":"es","@id":"https:\/\/www.idhc.org\/es\/movilidad-humana-y-adaptacion-al-cambio-climatico-conceptos-para-la-accion\/#primaryimage","url":"https:\/\/www.idhc.org\/wp-content\/uploads\/Portada_MovilidadHumanaYAdaptacionAlCambioClimatico_ES.jpg","contentUrl":"https:\/\/www.idhc.org\/wp-content\/uploads\/Portada_MovilidadHumanaYAdaptacionAlCambioClimatico_ES.jpg","width":1594,"height":2539},{"@type":"BreadcrumbList","@id":"https:\/\/www.idhc.org\/es\/movilidad-humana-y-adaptacion-al-cambio-climatico-conceptos-para-la-accion\/#breadcrumb","itemListElement":[{"@type":"ListItem","position":1,"name":"Inici","item":"https:\/\/www.idhc.org\/es\/"},{"@type":"ListItem","position":2,"name":"Movilidad humana y adaptaci\u00f3n al cambio clim\u00e1tico: Conceptos para la acci\u00f3n"}]},{"@type":"WebSite","@id":"https:\/\/www.idhc.org\/es\/#website","url":"https:\/\/www.idhc.org\/es\/","name":"Institut de Drets Humans de Catalunya","description":"","alternateName":"IDHC","potentialAction":[{"@type":"SearchAction","target":{"@type":"EntryPoint","urlTemplate":"https:\/\/www.idhc.org\/es\/?s={search_term_string}"},"query-input":{"@type":"PropertyValueSpecification","valueRequired":true,"valueName":"search_term_string"}}],"inLanguage":"es"}]}},"_links":{"self":[{"href":"https:\/\/www.idhc.org\/es\/wp-json\/wp\/v2\/publicacio\/13609","targetHints":{"allow":["GET"]}}],"collection":[{"href":"https:\/\/www.idhc.org\/es\/wp-json\/wp\/v2\/publicacio"}],"about":[{"href":"https:\/\/www.idhc.org\/es\/wp-json\/wp\/v2\/types\/publicacio"}],"wp:featuredmedia":[{"embeddable":true,"href":"https:\/\/www.idhc.org\/es\/wp-json\/wp\/v2\/media\/13611"}],"wp:attachment":[{"href":"https:\/\/www.idhc.org\/es\/wp-json\/wp\/v2\/media?parent=13609"}],"wp:term":[{"taxonomy":"post_tag","embeddable":true,"href":"https:\/\/www.idhc.org\/es\/wp-json\/wp\/v2\/tags?post=13609"},{"taxonomy":"categoria-publicacio","embeddable":true,"href":"https:\/\/www.idhc.org\/es\/wp-json\/wp\/v2\/categoria-publicacio?post=13609"}],"curies":[{"name":"wp","href":"https:\/\/api.w.org\/{rel}","templated":true}]}}

Movilidad humana y adaptación al cambio climático: Conceptos para la acción

<!-- This site is optimized with the Yoast SEO plugin v27.3 - https://yoast.com/product/yoast-seo-wordpress/ -->
<title>Movilidad humana y adaptación al cambio climática - IDHC</title>
<meta name="description" content="El monográfico reúne múltiples especialistas para reflexionar sobre los vínculos entre movilidad humana y cambio climático, desde precisiones conceptuales hasta perspectivas interseccionales y experiencias comunitarias, ofreciendo claves innovadoras para integrar la migración en los procesos de adaptación y en los PNA" />
<meta name="robots" content="index, follow, max-snippet:-1, max-image-preview:large, max-video-preview:-1" />
<link rel="canonical" href="https://www.idhc.org/es/movilidad-humana-y-adaptacion-al-cambio-climatico-conceptos-para-la-accion/" />
<meta property="og:locale" content="es_ES" />
<meta property="og:type" content="article" />
<meta property="og:title" content="Movilidad humana y adaptación al cambio climática - IDHC" />
<meta property="og:description" content="El monográfico reúne múltiples especialistas para reflexionar sobre los vínculos entre movilidad humana y cambio climático, desde precisiones conceptuales hasta perspectivas interseccionales y experiencias comunitarias, ofreciendo claves innovadoras para integrar la migración en los procesos de adaptación y en los PNA" />
<meta property="og:url" content="https://www.idhc.org/es/movilidad-humana-y-adaptacion-al-cambio-climatico-conceptos-para-la-accion/" />
<meta property="og:site_name" content="IDHC" />
<meta property="article:publisher" content="https://www.facebook.com/institut.drets.humans.catalunya" />
<meta property="article:modified_time" content="2025-09-10T11:31:19+00:00" />
<meta property="og:image" content="https://www.idhc.org/wp-content/uploads/Portada_MovilidadHumanaYAdaptacionAlCambioClimatico_ES.jpg" />
	<meta property="og:image:width" content="1594" />
	<meta property="og:image:height" content="2539" />
	<meta property="og:image:type" content="image/jpeg" />
<meta name="twitter:card" content="summary_large_image" />
<meta name="twitter:site" content="@institut_IDHC" />
<meta name="twitter:label1" content="Tiempo de lectura" />
	<meta name="twitter:data1" content="1 minuto" />
<script type="application/ld+json" class="yoast-schema-graph">{"@context":"https:\/\/schema.org","@graph":[{"@type":"WebPage","@id":"https:\/\/www.idhc.org\/es\/movilidad-humana-y-adaptacion-al-cambio-climatico-conceptos-para-la-accion\/","url":"https:\/\/www.idhc.org\/es\/movilidad-humana-y-adaptacion-al-cambio-climatico-conceptos-para-la-accion\/","name":"Movilidad humana y adaptación al cambio climática - IDHC","isPartOf":{"@id":"https:\/\/www.idhc.org\/es\/#website"},"primaryImageOfPage":{"@id":"https:\/\/www.idhc.org\/es\/movilidad-humana-y-adaptacion-al-cambio-climatico-conceptos-para-la-accion\/#primaryimage"},"image":{"@id":"https:\/\/www.idhc.org\/es\/movilidad-humana-y-adaptacion-al-cambio-climatico-conceptos-para-la-accion\/#primaryimage"},"thumbnailUrl":"https:\/\/www.idhc.org\/wp-content\/uploads\/Portada_MovilidadHumanaYAdaptacionAlCambioClimatico_ES.jpg","datePublished":"2025-09-10T09:36:20+00:00","dateModified":"2025-09-10T11:31:19+00:00","description":"El monográfico reúne múltiples especialistas para reflexionar sobre los vínculos entre movilidad humana y cambio climático, desde precisiones conceptuales hasta perspectivas interseccionales y experiencias comunitarias, ofreciendo claves innovadoras para integrar la migración en los procesos de adaptación y en los PNA","breadcrumb":{"@id":"https:\/\/www.idhc.org\/es\/movilidad-humana-y-adaptacion-al-cambio-climatico-conceptos-para-la-accion\/#breadcrumb"},"inLanguage":"es","potentialAction":[{"@type":"ReadAction","target":["https:\/\/www.idhc.org\/es\/movilidad-humana-y-adaptacion-al-cambio-climatico-conceptos-para-la-accion\/"]}]},{"@type":"ImageObject","inLanguage":"es","@id":"https:\/\/www.idhc.org\/es\/movilidad-humana-y-adaptacion-al-cambio-climatico-conceptos-para-la-accion\/#primaryimage","url":"https:\/\/www.idhc.org\/wp-content\/uploads\/Portada_MovilidadHumanaYAdaptacionAlCambioClimatico_ES.jpg","contentUrl":"https:\/\/www.idhc.org\/wp-content\/uploads\/Portada_MovilidadHumanaYAdaptacionAlCambioClimatico_ES.jpg","width":1594,"height":2539},{"@type":"BreadcrumbList","@id":"https:\/\/www.idhc.org\/es\/movilidad-humana-y-adaptacion-al-cambio-climatico-conceptos-para-la-accion\/#breadcrumb","itemListElement":[{"@type":"ListItem","position":1,"name":"Inici","item":"https:\/\/www.idhc.org\/es\/"},{"@type":"ListItem","position":2,"name":"Movilidad humana y adaptación al cambio climático: Conceptos para la acción"}]},{"@type":"WebSite","@id":"https:\/\/www.idhc.org\/es\/#website","url":"https:\/\/www.idhc.org\/es\/","name":"Institut de Drets Humans de Catalunya","description":"","alternateName":"IDHC","potentialAction":[{"@type":"SearchAction","target":{"@type":"EntryPoint","urlTemplate":"https:\/\/www.idhc.org\/es\/?s={search_term_string}"},"query-input":{"@type":"PropertyValueSpecification","valueRequired":true,"valueName":"search_term_string"}}],"inLanguage":"es"}]}</script>
<!-- / Yoast SEO plugin. -->

Movilidad humana y adaptación al cambio climática - IDHC

El monográfico reúne múltiples especialistas para reflexionar sobre los vínculos entre movilidad humana y cambio climático, desde precisiones conceptuales hasta perspectivas interseccionales y experiencias comunitarias, ofreciendo claves innovadoras para integrar la migración en los procesos de adaptación y en los PNA
